{"id":2,"date":"2019-05-07T07:03:26","date_gmt":"2019-05-07T07:03:26","guid":{"rendered":"https:\/\/www.xn--skilsmisse-brn-1qb.dk\/?page_id=2"},"modified":"2019-05-16T12:42:47","modified_gmt":"2019-05-16T12:42:47","slug":"sample-page","status":"publish","type":"page","link":"https:\/\/www.xn--skilsmisse-brn-1qb.dk\/","title":{"rendered":"Skilsmisse med b\u00f8rn"},"content":{"rendered":"\r\n<p>At gennemg\u00e5 en skilsmisse er en sv\u00e6r proces for alle involverede; b\u00e5de familie, venner og s\u00e6rligt f\u00e6lles b\u00f8rn. Hos Advokathuset Bredgade har vi erfarne og kompetente advokater klar til at hj\u00e6lpe dig med alt det praktisk, juridiske vedr\u00f8rende skilsmisse og skilsmisseb\u00f8rn, s\u00e5 en sv\u00e6r tid forl\u00f8ber bedst muligt.<\/p>\r\n<p>Vi r\u00e5dgiver ofte om bl.a. barnets tarv, deleordning, bop\u00e6l for barnet, skilsmisseb\u00f8rns rettigheder og de nye regler indenfor det danske skilsmissesystem, som tr\u00e5dte i kraft pr. 1 april 2019.\u00a0 \u00a0<\/p>\r\n<p>&nbsp;<\/p>\r\n<p>\r\n\r\n<\/p>\r\n\n<div class=\"wpcf7 no-js\" id=\"wpcf7-f5-o1\" lang=\"da-DK\" dir=\"ltr\" data-wpcf7-id=\"5\">\n<div class=\"screen-reader-response\"><p role=\"status\" aria-live=\"polite\" aria-atomic=\"true\"><\/p> <ul><\/ul><\/div>\n<form action=\"\/index.php\/wp-json\/wp\/v2\/pages\/2#wpcf7-f5-o1\" method=\"post\" class=\"wpcf7-form init\" aria-label=\"Kontaktformular\" novalidate=\"novalidate\" data-status=\"init\">\n<fieldset class=\"hidden-fields-container\"><input type=\"hidden\" name=\"_wpcf7\" value=\"5\" \/><input type=\"hidden\" name=\"_wpcf7_version\" value=\"6.1.5\" \/><input type=\"hidden\" name=\"_wpcf7_locale\" value=\"da_DK\" \/><input type=\"hidden\" name=\"_wpcf7_unit_tag\" value=\"wpcf7-f5-o1\" \/><input type=\"hidden\" name=\"_wpcf7_container_post\" value=\"0\" \/><input type=\"hidden\" name=\"_wpcf7_posted_data_hash\" value=\"\" \/>\n<\/fieldset>\n<p><label> Dit navn (skal udfyldes)<br \/>\n<span class=\"wpcf7-form-control-wrap\" data-name=\"your-name\"><input size=\"40\" maxlength=\"400\" class=\"wpcf7-form-control wpcf7-text wpcf7-validates-as-required\" aria-required=\"true\" aria-invalid=\"false\" value=\"\" type=\"text\" name=\"your-name\" \/><\/span> <\/label>\n<\/p>\n<p><label> Din e-mail (skal udfyldes)<br \/>\n<span class=\"wpcf7-form-control-wrap\" data-name=\"your-email\"><input size=\"40\" maxlength=\"400\" class=\"wpcf7-form-control wpcf7-email wpcf7-validates-as-required wpcf7-text wpcf7-validates-as-email\" aria-required=\"true\" aria-invalid=\"false\" value=\"\" type=\"email\" name=\"your-email\" \/><\/span> <\/label>\n<\/p>\n<p><label> Emne<br \/>\n<span class=\"wpcf7-form-control-wrap\" data-name=\"your-subject\"><input size=\"40\" maxlength=\"400\" class=\"wpcf7-form-control wpcf7-text\" aria-invalid=\"false\" value=\"\" type=\"text\" name=\"your-subject\" \/><\/span> <\/label>\n<\/p>\n<p><label> Din besked<br \/>\n<span class=\"wpcf7-form-control-wrap\" data-name=\"your-message\"><textarea cols=\"40\" rows=\"10\" maxlength=\"2000\" class=\"wpcf7-form-control wpcf7-textarea\" aria-invalid=\"false\" name=\"your-message\"><\/textarea><\/span> <\/label>\n<\/p>\n<p><input class=\"wpcf7-form-control wpcf7-submit has-spinner\" type=\"submit\" value=\"Indsend\" \/>\n<\/p><p style=\"display: none !important;\" class=\"akismet-fields-container\" data-prefix=\"_wpcf7_ak_\"><label>&#916;<textarea name=\"_wpcf7_ak_hp_textarea\" cols=\"45\" rows=\"8\" maxlength=\"100\"><\/textarea><\/label><input type=\"hidden\" id=\"ak_js_1\" name=\"_wpcf7_ak_js\" value=\"28\"\/><script>document.getElementById( \"ak_js_1\" ).setAttribute( \"value\", ( new Date() ).getTime() );<\/script><\/p><div class=\"wpcf7-response-output\" aria-hidden=\"true\"><\/div>\n<\/form>\n<\/div>\n\r\n<h2>Skilsmisseb\u00f8rn rettigheder<\/h2>\r\n<p>Det kan v\u00e6re sv\u00e6rt at gennemskue hvad barnet egentlig har ret til at bestemme, n\u00e5r det kommer til skilsmisse.<\/p>\r\n<p>If\u00f8lge for\u00e6ldreansvarsloven har barnet ret til at trives og ret til at have to for\u00e6ldre. Barnet har ret til samv\u00e6r med den for\u00e6lder, som barnet ikke bor hos. Det vil sige, at der er en <strong>bop\u00e6lsfor\u00e6lder<\/strong>, som barnet bor med, og en <strong>samv\u00e6rsfor\u00e6lder<\/strong>, som barnet bes\u00f8ger eller ser j\u00e6vnligt.<\/p>\r\n<p>If\u00f8lge den nye skilsmisselov har b\u00f8rn ret til at have to bop\u00e6lsfor\u00e6ldre, hvis dette \u00f8nskes. For\u00e6ldrene skal aktivt prioritere barnets trivsel. Hertil er det en god id\u00e9 at tegne en samv\u00e6rsaftale, som giver klare retningslinjer for hvad i som skilsmissefor\u00e6ldre, har aftalt for barnets hverdag, bop\u00e6l og trivsel.<\/p>\r\n<p><a href=\"https:\/\/advokathusetbredgade.dk\/advokat-til-privatpersoner\/skilsmisse\/skilsmisse-og-boern\/\">Advokathuset Bredgade<\/a> kan hj\u00e6lpe med at udarbejde en s\u00e5dan samv\u00e6rsaftale.<\/p>\r\n<h2>Regler for skilsmisseb\u00f8rn og det nye skilsmissesystem<\/h2>\r\n<p>Fra 1. april 2019 er en ny skilsmisselov tr\u00e5dt i kraft. Det betyder at du og din \u00e6gtef\u00e6lle skal igennem en helt anden proces end tidligere. Det betyder ogs\u00e5, at reglerne for skilsmisseb\u00f8rn er \u00e6ndret. Der kan for eksempel godt v\u00e6re to bop\u00e6lsfor\u00e6ldre, i mods\u00e6tning til f\u00f8r i tiden, hvor der kun m\u00e5tte v\u00e6re \u00e9n bop\u00e6lsfor\u00e6lder. Det betyder ogs\u00e5 at alle for\u00e6ldre som har b\u00f8rn under 18 \u00e5r, skal gennemf\u00f8re det obligatoriske digitale kursus \u201d<em>Samarbejde efter skilsmisse<\/em>\u201d p\u00e5 ca. 30 minutter.<\/p>\r\n<p>Derudover skal for\u00e6ldrene gennemg\u00e5 en tre-m\u00e5neders refleksionsperiode, hvor for\u00e6ldrene er separerede. Hvis de stadig \u00f8nsker at blive skilt efter refleksionsperioden, skal de s\u00f8ge om det p\u00e5 Familieretshuset. I henhold til det nye skilsmissesystem, er statsforvaltningen blevet nedlagt, og erstattet af Familieretshuset. Begrundelsen lyder p\u00e5, at der skal v\u00e6re mere fokus p\u00e5 b\u00f8rnenes rettigheder og trivsel.<\/p>\r\n<p>Derudover har man valgt at dele de forskellige skilsmissesager op i farvekoder. Hvis din skilsmissesag er gr\u00f8n, betyder det at den er ukompliceret, og nemt kan behandles. En gul sag betyder at din skilsmisse, er mindre simpel og har brug for nogen behandling. Hvis din sag er r\u00f8d, skal din skilsmisse behandles af byretten.<\/p>\r\n<h2>Deleordning ved skilsmisse<\/h2>\r\n<p>En delordning er noget som skilsmissefor\u00e6ldrene selv m\u00e5 forhandle sig frem til. Mange for\u00e6ldre v\u00e6lger en ordning som hedder 7\/7, hvilket betyder at skilsmissebarnet eller skilsmisseb\u00f8rnene, er hos begge for\u00e6ldre 7 dage ad gangen, og derved skiftes de. Der er for\u00e6ldre som bor l\u00e6ngere v\u00e6k fra hinanden, som er n\u00f8dt til at lave 11\/3 dage, hvilket betyder at barnet for eksempel er hos far hver anden weekend, og resten af tiden er hos mor. Hvis det er sv\u00e6rt at komme til enighed, kan professionel, juridisk r\u00e5dgivning v\u00e6re sagen. L\u00e6s mere <a href=\"https:\/\/advokathusetbredgade.dk\/raadgivningsmoede-om-skilsmisse\/\">her<\/a> om hvilken slags juridisk sparring, vi tilbyder hos Advokathuset Bredgade.\u00a0\u00a0<\/p>\r\n<p><img loading=\"lazy\" decoding=\"async\" class=\"wp-image-16 aligncenter\" src=\"https:\/\/www.xn--skilsmisse-brn-1qb.dk\/wp-content\/uploads\/2019\/05\/document-agreement-documents-sign-48148-300x199.jpeg\" alt=\"\" width=\"687\" height=\"456\" srcset=\"https:\/\/www.xn--skilsmisse-brn-1qb.dk\/wp-content\/uploads\/2019\/05\/document-agreement-documents-sign-48148-300x199.jpeg 300w, https:\/\/www.xn--skilsmisse-brn-1qb.dk\/wp-content\/uploads\/2019\/05\/document-agreement-documents-sign-48148-768x511.jpeg 768w, https:\/\/www.xn--skilsmisse-brn-1qb.dk\/wp-content\/uploads\/2019\/05\/document-agreement-documents-sign-48148-1024x681.jpeg 1024w, https:\/\/www.xn--skilsmisse-brn-1qb.dk\/wp-content\/uploads\/2019\/05\/document-agreement-documents-sign-48148-1200x798.jpeg 1200w\" sizes=\"auto, (max-width: 687px) 85vw, 687px\" \/><\/p>\r\n<h2>Skilsmisseb\u00f8rn og bop\u00e6l<\/h2>\r\n<p>At blive enige om barnets bop\u00e6l kan v\u00e6re sv\u00e6rere, end man tror. Hvis I har f\u00e6lles for\u00e6ldremyndighed, har barnet automatisk delt bop\u00e6l i 3 m\u00e5neder, som ogs\u00e5 er under jeres obligatoriske refleksionsperiode. Dette kan dog affejes, hvis I bliver enige om andet, i forhold til barnets bop\u00e6l. Efter 3 m\u00e5neder, skal I finde ud af sammen, hvor barnet skal have bop\u00e6l eller om bop\u00e6l skal v\u00e6re hos begge for\u00e6ldre. Hvis I er uenige, kan I starte en sag i Familieretshuset, og her ville det ogs\u00e5 v\u00e6re en god id\u00e9 at hyre en skilsmisseadvokat til juridisk sparring.<\/p>\r\n<p>Kontakt <a href=\"https:\/\/advokathusetbredgade.dk\/advokater\/advokat-claus-christian-hansen\/\">advokat Claus Christian Hansen<\/a>, tlf. 31 18 66 22 eller <a href=\"https:\/\/advokathusetbredgade.dk\/advokater\/advokat-martine-lykke-tox\/\">advokat Martine Lykke Tox<\/a>, tlf. 31 18 66 20 erfarne r\u00e5dgivere (skilsmisseadvokat) indenfor separation og skilsmisse, samlivsoph\u00e6velse og b\u00f8rn \/ bop\u00e6l, samv\u00e6r og b\u00f8rnebidrag eller\u00a0kontakt\u00a0os via denne <a href=\"https:\/\/advokathusetbredgade.dk\/kontakt\/\">kontaktformular<\/a> og vi vender hurtigt tilbage til dig:.<\/p>\r\n<h2>Skilsmissebarnets alder og reaktioner \u2013 hvorn\u00e5r bestemmer barnet selv? \u00a0<\/h2>\r\n<p>Der er forskellige behov og reaktioner, i forhold til barnets alder, n\u00e5r mor og far v\u00e6lger at blive skilt.<\/p>\r\n<p><strong>B\u00f8rn fra 0-3 \u00e5r: <\/strong>Det sv\u00e6rt for barnet at fort\u00e6lle, hvad det f\u00f8ler og hvad det t\u00e6nker i denne periode af dets liv. Sp\u00e6dbarnet kan derimod vise om det er utilfreds eller stresset. Et lille barn under 3 \u00e5r, vil for det meste reagere p\u00e5 at far eller mor forsvinder, da det er vant til at have begge for\u00e6ldre omkring sig. Hvis du er stresset og ked af det, kan det smitte af p\u00e5 barnet. Barnet kan ikke deles 7\/7 i denne alder, da sp\u00e6dbarnet har brug for rutiner og bedst kan forholde sig til jer begge hele tiden, eller den ene af jer hele tiden. Det handler om at v\u00e6re konsekvent i rutiner og hvilken for\u00e6lder barnet bor hos. Hvis i ikke kan komme frem til en samv\u00e6rsordning, er det en god id\u00e9 at inddrage en advokat.<\/p>\r\n<p><strong>B\u00f8rn fra 6-9 \u00e5r: <\/strong>Det 6-9 \u00e5rige skilsmissebarn kan v\u00e6re udadreagerende, n\u00e5r det kommer til for\u00e6ldrenes skilsmisse. Som for\u00e6ldre m\u00e5 I anerkende at skilsmissebarnet er s\u00e5ret. Her er det vigtigt I tager ansvar, og laver en retf\u00e6rdig samv\u00e6rsaftale, hvor barnet f\u00e5r d\u00e6kket sine behov i at se jer begge, hvis det er det, skilsmissebarnet \u00f8nsker.\u00a0<\/p>\r\n<p><strong>B\u00f8rn fra 12-16 \u00e5r: <\/strong>Som teenager har barnet brug for at kunne tr\u00e6ffe selvst\u00e6ndige beslutninger, det er derfor vigtigt at I ser til, at teenageren f\u00e5r lov til selv at v\u00e6lge bop\u00e6lsfor\u00e6lder. Teenageren vil h\u00f8jst sandsynligt prioritere at bo med den for\u00e6lder, som bor t\u00e6ttest p\u00e5 vennerne og skolen, da det sociale liv, er betydningsfuldt for teenageren.\u00a0<\/p>\r\n<h2>F\u00e5 eksperthj\u00e6lp fra en af vores familieadvokater<\/h2>\r\n<p>Hos Advokathuset Bredgade har vi mange \u00e5rs erfaring med at m\u00e6gle skilsmisse og separation. Vores to dygtige og professionelle advokater, kan hj\u00e6lpe dig med alt, indenfor skilsmisseomr\u00e5det. L\u00e6s mere om <a href=\"https:\/\/advokathusetbredgade.dk\/advokater\/advokat-claus-christian-hansen\/\">Claus<\/a> eller <a href=\"https:\/\/advokathusetbredgade.dk\/advokater\/advokat-martine-lykke-tox\/\">Martine<\/a>, som begge har flere \u00e5rs erfaring vedr\u00f8rende skilsmisse.<\/p>\r\n<p>Det anbefales at du booker et <a href=\"https:\/\/advokathusetbredgade.dk\/raadgivningsmoede-om-skilsmisse\/\">r\u00e5dgivningsm\u00f8de<\/a>, som kan hj\u00e6lpe dig til at f\u00e5 et overblik over dine rettigheder, i forhold til dine b\u00f8rn og skilsmisse. Vi laver en juridisk vurdering af dine muligheder og giver forslag til praktiske l\u00f8sninger. Vi hj\u00e6lper dig ogs\u00e5 med at f\u00e5 en retf\u00e6rdig bodeling, og tegner en retf\u00e6rdig samv\u00e6rsaftale, som er lavet ud fra dine \u00f8nsker og behov. Vi giver juridisk r\u00e5dgivning i forhold til om du\/i \u00f8nsker at b\u00f8rnebidrag skal indg\u00e5s. Vores m\u00e5l er at kunne guide og hj\u00e6lpe dig til den l\u00f8sning, du har brug for.\u00a0<br \/><br \/>\n<div class=\"wpcf7 no-js\" id=\"wpcf7-f5-o2\" lang=\"da-DK\" dir=\"ltr\" data-wpcf7-id=\"5\">\n<div class=\"screen-reader-response\"><p role=\"status\" aria-live=\"polite\" aria-atomic=\"true\"><\/p> <ul><\/ul><\/div>\n<form action=\"\/index.php\/wp-json\/wp\/v2\/pages\/2#wpcf7-f5-o2\" method=\"post\" class=\"wpcf7-form init\" aria-label=\"Kontaktformular\" novalidate=\"novalidate\" data-status=\"init\">\n<fieldset class=\"hidden-fields-container\"><input type=\"hidden\" name=\"_wpcf7\" value=\"5\" \/><input type=\"hidden\" name=\"_wpcf7_version\" value=\"6.1.5\" \/><input type=\"hidden\" name=\"_wpcf7_locale\" value=\"da_DK\" \/><input type=\"hidden\" name=\"_wpcf7_unit_tag\" value=\"wpcf7-f5-o2\" \/><input type=\"hidden\" name=\"_wpcf7_container_post\" value=\"0\" \/><input type=\"hidden\" name=\"_wpcf7_posted_data_hash\" value=\"\" \/>\n<\/fieldset>\n<p><label> Dit navn (skal udfyldes)<br \/>\n<span class=\"wpcf7-form-control-wrap\" data-name=\"your-name\"><input size=\"40\" maxlength=\"400\" class=\"wpcf7-form-control wpcf7-text wpcf7-validates-as-required\" aria-required=\"true\" aria-invalid=\"false\" value=\"\" type=\"text\" name=\"your-name\" \/><\/span> <\/label>\n<\/p>\n<p><label> Din e-mail (skal udfyldes)<br \/>\n<span class=\"wpcf7-form-control-wrap\" data-name=\"your-email\"><input size=\"40\" maxlength=\"400\" class=\"wpcf7-form-control wpcf7-email wpcf7-validates-as-required wpcf7-text wpcf7-validates-as-email\" aria-required=\"true\" aria-invalid=\"false\" value=\"\" type=\"email\" name=\"your-email\" \/><\/span> <\/label>\n<\/p>\n<p><label> Emne<br \/>\n<span class=\"wpcf7-form-control-wrap\" data-name=\"your-subject\"><input size=\"40\" maxlength=\"400\" class=\"wpcf7-form-control wpcf7-text\" aria-invalid=\"false\" value=\"\" type=\"text\" name=\"your-subject\" \/><\/span> <\/label>\n<\/p>\n<p><label> Din besked<br \/>\n<span class=\"wpcf7-form-control-wrap\" data-name=\"your-message\"><textarea cols=\"40\" rows=\"10\" maxlength=\"2000\" class=\"wpcf7-form-control wpcf7-textarea\" aria-invalid=\"false\" name=\"your-message\"><\/textarea><\/span> <\/label>\n<\/p>\n<p><input class=\"wpcf7-form-control wpcf7-submit has-spinner\" type=\"submit\" value=\"Indsend\" \/>\n<\/p><p style=\"display: none !important;\" class=\"akismet-fields-container\" data-prefix=\"_wpcf7_ak_\"><label>&#916;<textarea name=\"_wpcf7_ak_hp_textarea\" cols=\"45\" rows=\"8\" maxlength=\"100\"><\/textarea><\/label><input type=\"hidden\" id=\"ak_js_2\" name=\"_wpcf7_ak_js\" value=\"242\"\/><script>document.getElementById( \"ak_js_2\" ).setAttribute( \"value\", ( new Date() ).getTime() );<\/script><\/p><div class=\"wpcf7-response-output\" aria-hidden=\"true\"><\/div>\n<\/form>\n<\/div>\n<\/p>\r\n<p><img loading=\"lazy\" decoding=\"async\" class=\"wp-image-11 aligncenter\" src=\"https:\/\/www.xn--skilsmisse-brn-1qb.dk\/wp-content\/uploads\/2019\/05\/banner-300x70.png\" alt=\"\" width=\"1299\" height=\"303\" srcset=\"https:\/\/www.xn--skilsmisse-brn-1qb.dk\/wp-content\/uploads\/2019\/05\/banner-300x70.png 300w, https:\/\/www.xn--skilsmisse-brn-1qb.dk\/wp-content\/uploads\/2019\/05\/banner-768x179.png 768w, https:\/\/www.xn--skilsmisse-brn-1qb.dk\/wp-content\/uploads\/2019\/05\/banner-1024x239.png 1024w, https:\/\/www.xn--skilsmisse-brn-1qb.dk\/wp-content\/uploads\/2019\/05\/banner.png 1200w\" sizes=\"auto, (max-width: 709px) 85vw, (max-width: 909px) 67vw, (max-width: 1362px) 62vw, 840px\" \/><\/p>\r\n","protected":false},"excerpt":{"rendered":"<p>At gennemg\u00e5 en skilsmisse er en sv\u00e6r proces for alle involverede; b\u00e5de familie, venner og s\u00e6rligt f\u00e6lles b\u00f8rn. Hos Advokathuset Bredgade har vi erfarne og kompetente advokater klar til at hj\u00e6lpe dig med alt det praktisk, juridiske vedr\u00f8rende skilsmisse og skilsmisseb\u00f8rn, s\u00e5 en sv\u00e6r tid forl\u00f8ber bedst muligt. Vi r\u00e5dgiver ofte om bl.a. barnets tarv, &hellip; <a href=\"https:\/\/www.xn--skilsmisse-brn-1qb.dk\/\" class=\"more-link\">L\u00e6s videre<span class=\"screen-reader-text\"> &#8220;Skilsmisse med b\u00f8rn&#8221;<\/span><\/a><\/p>\n","protected":false},"author":2,"featured_media":11,"parent":0,"menu_order":0,"comment_status":"closed","ping_status":"open","template":"","meta":{"footnotes":""},"class_list":["post-2","page","type-page","status-publish","has-post-thumbnail","hentry"],"_links":{"self":[{"href":"https:\/\/www.xn--skilsmisse-brn-1qb.dk\/index.php\/wp-json\/wp\/v2\/pages\/2","targetHints":{"allow":["GET"]}}],"collection":[{"href":"https:\/\/www.xn--skilsmisse-brn-1qb.dk\/index.php\/wp-json\/wp\/v2\/pages"}],"about":[{"href":"https:\/\/www.xn--skilsmisse-brn-1qb.dk\/index.php\/wp-json\/wp\/v2\/types\/page"}],"author":[{"embeddable":true,"href":"https:\/\/www.xn--skilsmisse-brn-1qb.dk\/index.php\/wp-json\/wp\/v2\/users\/2"}],"replies":[{"embeddable":true,"href":"https:\/\/www.xn--skilsmisse-brn-1qb.dk\/index.php\/wp-json\/wp\/v2\/comments?post=2"}],"version-history":[{"count":11,"href":"https:\/\/www.xn--skilsmisse-brn-1qb.dk\/index.php\/wp-json\/wp\/v2\/pages\/2\/revisions"}],"predecessor-version":[{"id":24,"href":"https:\/\/www.xn--skilsmisse-brn-1qb.dk\/index.php\/wp-json\/wp\/v2\/pages\/2\/revisions\/24"}],"wp:featuredmedia":[{"embeddable":true,"href":"https:\/\/www.xn--skilsmisse-brn-1qb.dk\/index.php\/wp-json\/wp\/v2\/media\/11"}],"wp:attachment":[{"href":"https:\/\/www.xn--skilsmisse-brn-1qb.dk\/index.php\/wp-json\/wp\/v2\/media?parent=2"}],"curies":[{"name":"wp","href":"https:\/\/api.w.org\/{rel}","templated":true}]}}